mon divisor of 2626 and 24442?
202
What is the highest common factor of 1052317 and 476?
119
Calculate the greatest common divisor of 201664 and 16.
16
What is the greatest common divisor of 6 and 265002?
6
Calculate the greatest common divisor of 26982 and 72.
18
What is the greatest common factor of 2650602 and 618?
618
Calculate the highest common factor of 2493 and 2421.
9
Calculate the highest common factor of 5126 and 1342.
22
Calculate the highest common divisor of 11089 and 104.
13
What is the greatest common divisor of 4620 and 89040?
420
Calculate the highest common factor of 31 and 350641.
31
Calculate the highest common factor of 801 and 306.
9
What is the greatest common divisor of 50787 and 55?
11
What is the highest common divisor of 234107 and 586?
293
Calculate the greatest common factor of 1105 and 337805.
65
Calculate the highest common divisor of 1558 and 874.
38
What is the greatest common divisor of 610 and 2280?
10
Calculate the highest common factor of 44627 and 11.
11
Calculate the highest common divisor of 103082 and 2985.
199
Calculate the greatest common factor of 7182 and 733362.
798
Calculate the highest common factor of 2303712 and 38.
38
What is the highest common divisor of 981 and 873?
9
What is the greatest common divisor of 1683 and 5709?
33
What is the greatest common divisor of 39225 and 15?
15
What is the highest common divisor of 4375616 and 448?
448
Calculate the greatest common divisor of 763560 and 54.
54
Calculate the highest common divisor of 422 and 151498.
422
Calculate the greatest common factor of 2748139 and 67.
67
Calculate the greatest common divisor of 6748 and 182.
14
Calculate the highest common factor of 64075 and 385.
55
Calculate the greatest common factor of 166 and 4270765.
83
What is the highest common factor of 28955 and 20?
5
Calculate the greatest common divisor of 3208 and 232.
8
What is the highest common divisor of 16 and 52616?
8
Calculate the highest common factor of 4279 and 2035.
11
Calculate the highest common factor of 73769 and 639.
71
Calculate the greatest common factor of 2607 and 407.
11
Calculate the greatest common divisor of 627550 and 308.
154
Calculate the highest common divisor of 303 and 35956.
101
What is the greatest common factor of 201 and 366423?
201
What is the highest common factor of 729456 and 105?
21
What is the highest common factor of 4395 and 735?
15
What is the greatest common factor of 36 and 4929174?
18
Calculate the greatest common divisor of 156398 and 22.
22
Calculate the highest common divisor of 3610 and 551.
19
What is the greatest common divisor of 623574 and 252?
126
What is the greatest common divisor of 4440 and 558552?
888
Calculate the greatest common factor of 3492 and 14259.
291
Calculate the highest common divisor of 16416 and 504.
72
What is the greatest common divisor of 668 and 332?
4
Calculate the highest common factor of 96142 and 106.
106
Calculate the highest common factor of 880 and 93500.
220
Calculate the highest common factor of 29968 and 8.
8
What is the greatest common divisor of 513803 and 183?
61
Calculate the highest common divisor of 3 and 550167.
3
Calculate the highest common divisor of 29835 and 442.
221
Calculate the highest common divisor of 55135 and 10.
5
Calculate the greatest common factor of 9 and 122733.
9
Calculate the greatest common factor of 7 and 6808753.
7
Calculate the greatest common divisor of 22 and 19008.
22
Calculate the greatest common divisor of 13167 and 7227.
99
What is the highest common divisor of 62730 and 1080?
90
What is the greatest common factor of 51548 and 8?
4
What is the highest common divisor of 281520 and 340?
340
Calculate the greatest common factor of 1804516 and 14.
14
What is the greatest common divisor of 4252 and 6113313?
1063
What is the greatest common divisor of 10070 and 960?
10
Calculate the greatest common factor of 33 and 15958371.
33
What is the highest common divisor of 1470 and 1996260?
1470
What is the greatest common divisor of 3422 and 522?
58
What is the greatest common factor of 55 and 31325?
5
What is the greatest common factor of 38 and 57418?
38
Calculate the greatest common divisor of 17507 and 21.
7
What is the highest common divisor of 12827 and 11413?
101
What is the greatest common factor of 301191 and 198?
33
Calculate the highest common divisor of 169 and 25259.
13
Calculate the greatest common factor of 5967 and 11475.
459
Calculate the greatest common divisor of 95351 and 3589.
97
Calculate the highest common factor of 2691 and 54234.
207
Calculate the highest common divisor of 5902374 and 2524.
1262
What is the highest common factor of 192 and 28256?
32
Calculate the greatest common factor of 8 and 630.
2
Calculate the greatest common divisor of 547 and 947951.
547
Calculate the greatest common factor of 300 and 2892.
12
What is the greatest common factor of 444 and 336?
12
What is the greatest common factor of 7157 and 34?
17
Calculate the highest common factor of 1328733 and 10611.
1179
What is the greatest common factor of 1281 and 14213?
61
What is the greatest common divisor of 474260 and 9430?
230
What is the highest common factor of 76443 and 249?
249
What is the greatest common factor of 81 and 57690?
9
Calculate the greatest common factor of 19608 and 20382.
258
What is the highest common divisor of 11 and 59741?
11
Calculate the greatest common divisor of 36159 and 1632.
51
What is the greatest common factor of 72 and 13848?
24
Calculate the highest common factor of 5901 and 63.
21
Calculate the greatest common divisor of 220 and 14380.
20
Calculate the highest common divisor of 3642 and 66.
6
Calculate the greatest common factor of 258 and 78217.
43
What is the greatest common divisor of 1489692 and 8?
4
What is the highest common divisor of 195 and 201045?
195
Calculate the greatest common factor of 970487 and 7.
7
Calculate the highest common divisor of 18550 and 392518.
742
Calculate the highest common divisor of 3216480 and 480.
480
Calculate the greatest common factor of 6739 and 644.
23
Calculate the greatest common factor of 6195486 and 132.
66
Calculate the highest common divisor of 1123560 and 120.
120
What is the highest common factor of 27984 and 106000?
848
Calculate the greatest common divisor of 1165389 and 1221.
111
Calculate the greatest common factor of 1344 and 1106.
14
Calculate the greatest common divisor of 688 and 48504.
344
Calculate the greatest common divisor of 12151 and 141203.
419
What is the greatest common factor of 55524 and 84?
84
Calculate the highest common divisor of 525 and 63.
21
Calculate the highest common divisor of 31823 and 242.
121
What is the greatest common divisor of 213 and 5680?
71
Calculate the greatest common factor of 2148 and 6732.
12
What is the highest common divisor of 17760 and 5100?
60
Calculate the greatest common divisor of 33 and 263769.
33
Calculate the greatest common factor of 41223 and 483.
21
Calculate the greatest common divisor of 114185 and 4961.
41
Calculate the highest common factor of 9699 and 17934.
183
What is the greatest common factor of 428 and 1072461?
107
What is the greatest common factor of 228 and 155667?
57
Calculate the greatest common factor of 1464890 and 910.
70
What is the greatest common divisor of 119 and 13270999?
119
Calculate the highest common factor of 774 and 100921.
43
Calculate the greatest common factor of 49008 and 144.
48
Calculate the highest common factor of 208 and 322153.
13
What is the highest common factor of 3510 and 4875?
195
What is the highest common divisor of 907692 and 228?
12
What is the greatest common factor of 1293705 and 210?
105
Calculate the highest common divisor of 104968 and 16.
8
What is the greatest common divisor of 1573 and 9559?
121
What is the greatest common factor of 48 and 42846?
6
Calculate the greatest common divisor of 526 and 718.
2
What is the greatest common factor of 105 and 114015?
15
What is the highest common factor of 3352747 and 489?
163
Calculate the highest common factor of 233210 and 30.
10
What is the highest common divisor of 940 and 6016?
188
What is the greatest common factor of 1090 and 1510?
10
Calculate the greatest common factor of 14539 and 8911.
469
What is the greatest 